43361?
6
What is the ten thousands digit of 6488583034?
8
What is the hundred thousands digit of 3501270858?
2
What is the thousands digit of 24810368?
0
What is the ten millions digit of 89489386?
8
What is the hundred thousands digit of 6283062?
2
What is the tens digit of 1167282446?
4
What is the units digit of 45241120?
0
What is the ten millions digit of 620632394?
2
What is the hundreds digit of 288356732?
7
What is the tens digit of 37283471?
7
What is the hundred thousands digit of 281860971?
8
What is the millions digit of 292835165?
2
What is the hundreds digit of 77276359?
3
What is the hundred thousands digit of 44642725?
6
What is the ten millions digit of 195698892?
9
What is the ten thousands digit of 251877336?
7
What is the units digit of 541106212?
2
What is the hundreds digit of 654404754?
7
What is the thousands digit of 2615947680?
7
What is the hundred millions digit of 1181571463?
1
What is the hundreds digit of 74310619?
6
What is the tens digit of 61014273?
7
What is the thousands digit of 619758227?
8
What is the ten thousands digit of 2021274924?
7
What is the ten millions digit of 81670528?
8
What is the millions digit of 406680861?
6
What is the hundred thousands digit of 1536875066?
8
What is the millions digit of 625835580?
5
What is the ten thousands digit of 899963623?
6
What is the millions digit of 45914279?
5
What is the tens digit of 271437618?
1
What is the units digit of 282834513?
3
What is the hundred millions digit of 1614746688?
6
What is the billions digit of 3993038950?
3
What is the hundred thousands digit of 48912730?
9
What is the hundreds digit of 1901837228?
2
What is the units digit of 666824104?
4
What is the hundred thousands digit of 584534290?
5
What is the hundred millions digit of 501032821?
5
What is the hundreds digit of 33340577?
5
What is the hundreds digit of 3097504539?
5
What is the tens digit of 466517008?
0
What is the millions digit of 21442987?
1
What is the hundreds digit of 2290369754?
7
What is the ten thousands digit of 1493735571?
3
What is the tens digit of 1732529619?
1
What is the millions digit of 5186534997?
6
What is the hundreds digit of 33298303?
3
What is the hundred thousands digit of 1524924701?
9
What is the tens digit of 191191044?
4
What is the ten thousands digit of 562889451?
8
What is the ten thousands digit of 101916793?
1
What is the tens digit of 624977013?
1
What is the hundred thousands digit of 70799047?
7
What is the hundreds digit of 1414470332?
3
What is the billions digit of 1507297741?
1
What is the ten millions digit of 31925938?
3
What is the thousands digit of 1183442789?
2
What is the ten millions digit of 659176653?
5
What is the hundreds digit of 51992393?
3
What is the thousands digit of 76664491?
4
What is the hundred millions digit of 2666843229?
6
What is the tens digit of 330004919?
1
What is the hundreds digit of 59467736?
7
What is the tens digit of 878656250?
5
What is the units digit of 721054846?
6
What is the ten millions digit of 71941385?
7
What is the tens digit of 3885704948?
4
What is the ten thousands digit of 853019016?
1
What is the thousands digit of 9753447?
3
What is the hundred thousands digit of 203626177?
6
What is the hundreds digit of 5669306713?
7
What is the thousands digit of 144710979?
0
What is the millions digit of 286107802?
6
What is the ten millions digit of 379655961?
7
What is the hundred thousands digit of 288548570?
5
What is the ten thousands digit of 146542766?
4
What is the hundred millions digit of 6891503441?
8
What is the hundreds digit of 263870018?
0
What is the hundreds digit of 159506205?
2
What is the hundred millions digit of 1440430341?
4
What is the hundred thousands digit of 711791?
7
What is the hundreds digit of 56807207?
2
What is the thousands digit of 4885377972?
7
What is the units digit of 220328842?
2
What is the hundreds digit of 187109663?
6
What is the hundreds digit of 116427374?
3
What is the billions digit of 1474902462?
1
What is the hundreds digit of 357979190?
1
What is the tens digit of 2482004106?
0
What is the hundreds digit of 48831982?
9
What is the thousands digit of 11339494?
9
What is the hundred millions digit of 5206846510?
2
What is the tens digit of 1095676692?
9
What is the units digit of 1038375087?
7
What is the tens digit of 7081579544?
4
What is the hundreds digit of 123038435?
4
What is the billions digit of 4679561710?
4
What is the millions digit of 29606408?
9
What is the ten thousands digit of 131243177?
4
What is the hundred millions digit of 301717755?
3
What is the units digit of 1788486740?
0
What is the hundreds digit of 45895825?
8
What is the ten thousands digit of 60538493?
3
What is the millions digit of 409269054?
9
What is the ten thousands digit of 18015720?
1
What is the units digit of 326166732?
2
What is the thousands digit of 48711373?
1
What is the hundred thousands digit of 162388940?
3
What is the millions digit of 76283484?
6
What is the tens digit of 32972875?
7
What is the thousands digit of 622906943?
6
What is the millions digit of 13682932?
3
What is the tens digit of 276238272?
7
What is the ten millions digit of 897385534?
9
What is the tens digit of 754673934?
3
What is the units digit of 4979737334?
4
What is the hundred thousands digit of 602206185?
2
What is the ten thousands digit of 464456731?
5
What is the thousands digit of 145780501?
0
What is the millions digit of 150448857?
0
What is the millions digit of 54099967?
4
What is the millions digit of 2357036872?
7
What is the units digit of 2847744755?
5
What is the ten thousands digit of 18347695?
4
What is the ten millions digit of 69431833?
6
What is the millions digit of 1243785953?
3
What is the ten millions digit of 21077733?
2
What is the hundred millions digit of 866906879?
8
What is the hundred thousands digit of 1609047984?
0
What is the ten thousands digit of 30797336?
9
What is the hundred thousands digit of 59196251?
1
What is the units digit of 36798813?
3
What is the millions digit of 6919262066?
9
What is the hundreds digit of 933847916?
9
What is the millions digit of 52029243?
2
What is the tens digit of 101589016?
1
What is the hundred millions digit of 128955710?
1
What is the hundred millions digit of 1370832079?
3
What is the hundreds digit of 1103243127?
1
What is the billions digit of 2730691151?
2
What is the thousands digit of 44257551?
7
What is the tens digit of 203413749?
4
What is the hundred thousands digit of 21155454?
1
What is the ten thousands digit of 828665480?
6
What is the ten millions digit of 716227072?
1
What is the hundred millions digit of 172110298?
1
What is the hundred millions digit of 286350041?
2
What is the hundreds digit of 1390469953?
9
What is the units digit of 117704696?
6
What is the hundreds digit of 379927772?
7
What is the ten thousands digit of 36386974?
8
What is the tens digit of 858198810?
1
What is the ten millions digit of 35428956?
3
What is the ten millions digit of 399629590?
9
What is the billions digit of 1376973513?
1
What is the thousands digit of 404347161?
7
What is the tens digit of 216326421?
2
What is the thousands digit of 150681032?
1
What is the units digit of 128887068?
8
What is the millions digit of 37477825?
7
What is the ten millions digit of 36210923?
3
What is the ten millions digit of 60404814?
6
What is the hundreds digit of 39651759?
7
What is the millions digit of 698224282?
8
What is the ten thousands digit of 295801685?
0
What is the thousands digit of 5383651984?
1
What is the millions digit of 101710633?
1
What is the ten thousands digit of 62287885?
8
What is the hundred thousands digit of 4729169869?
1
What is the hundreds digit of 1933084090?
0
What is the thousands digit of 2131404970?
4
What is the ten thousands digit of 2222949880?
4
What is the thousands digit of 1354899682?
9
What is the hundred thousands digit of 312162340?
1
What is the ten thousands digit of 348270432?
7
What is the thousands digit of 14867271?
7
What is the hundred millions digit of 140428860?
1
What is the tens digit of 4161520?
2
What is the millions digit of 116795260?
6
What is the tens digit of 1387085356?
5
What is the millions digit of 51114957?
1
What is the hundred millions d